r - 9. Give c(q).
7
Let m be (-25)/(-15) - 1/(-3). Let u(h) = -h + h**3 - h**m + 1 + 2*h**3 + 2*h**2. Calculate u(1).
4
Suppose 2*i - i - 2*x + 8 = 0, 3*x - 12 = -3*i. Let o(j) = -j**2 + j - 5. What is o(i)?
-5
Let r(w) be the second derivative of 0 + 1/2*w**3 - 1/12*w**4 - 2*w**2 - 3*w. Determine r(4).
-8
Suppose 4*v = 8 + 8. Suppose 3*r = -v + 10. Let u(x) = -1 - 2 - 2*x + 4 + 2*x**r. Give u(2).
5
Suppose 4*s + 5*l - 24 = 0, s + 4*l = 2*l + 9. Let a(p) = 2*p + p + s + p**2 - 11*p + p. Suppose 6*u = u + 25. What is a(u)?
-9
Let i(w) be the third derivative of w**7/1260 - w**6/720 + w**4/12 + 4*w**2. Let j(u) be the second derivative of i(u). Give j(-1).
3
Let b(n) be the second derivative of 4/3*n**3 - 2*n - 3*n**2 + 1/3*n**4 - 1/20*n**5 + 0. Calculate b(5).
9
Let c be 9/21 - (-155)/(-35). Let m(u) = u - 5. Give m(c).
-9
Let y(i) = -i - 4. Let d be 10/45 + 148/(-18). Let z = -5 - d. Determine y(z).
-7
Let v(p) = 1 + p - 4*p**3 + p - p. Suppose 0*b = -b + 5. Suppose -5*d - c - 10 = 0, 0 = -c - b. Calculate v(d).
4
Let g(f) be the first derivative of 0*f + 2 - 11/24*f**4 + 3/2*f**2 - 1/6*f**3. Let v(a) be the second derivative of g(a). Give v(-1).
10
Let v(r) = r**3 + r**2. Let b be v(1). Let h = 0 + b. Let l(o) = -4*o**2 + o + 3. Let a(z) = 11*z**2 - 3*z - 8. Let k(m) = 3*a(m) + 8*l(m). Calculate k(h).
2
Let w(v) = 6*v - 17. Let z(k) = -3*k + 9. Let t(x) = 4*w(x) + 7*z(x). Calculate t(5).
10
Let h(g) = g**2 + 7*g - 10. Suppose i + 3 = 0, -c - 5*i = -10*i - 6. What is h(c)?
8
Let j(o) = -o**2 - 3*o**3 + 4*o**2 + 2*o**3. Suppose 3*y = -2*y - 5*i, 0 = 3*i + 9. Determine j(y).
0
Let i(a) = 5*a**2 + 2 + 3*a + a**3 + 1 - 2. Let m(g) = -g + 3. Let y be m(-10). Suppose y = -3*t + 1. Calculate i(t).
5
Let h(p) = p**2 + 3*p - 3. Let r be (-12)/16*(-16)/12. Let q(a) = -5*a**3 + 1. Let n be q(r). Give h(n).
1
Let c(f) = f - 3. Suppose -5*b - 3*p + 1 = -23, -p = -3. Calculate c(b).
0
Let y(r) = -2*r + 8. Let p(l) = -l + 5. Let w(m) = 7*p(m) - 5*y(m). What is w(-7)?
-26
Let o(f) = f**3 + 5*f**2 - 5*f + 8. Let s = -8 - -8. Let l(g) = g + 4. Let u be l(s). Suppose 0 = -u*m - 11 - 13. Determine o(m).
2
Let o(k) = 2*k**3 - 2*k**2 + 2*k + 1. Let a be 13/5 - ((-259)/35 - -8). Determine o(a).
13
Let o(r) be the third derivative of 5/24*r**4 + 0 + 1/3*r**3 + 5*r**2 + 0*r + 1/60*r**5. Let w(x) = -x**2 + 5*x + 1. Let l be w(6). Give o(l).
2
Let a(c) be the second derivative of c**4/12 - 2*c**3/3 - 3*c**2/2 + 70*c. Determine a(4).
-3
Let b(m) = 6*m + 4. Let p(w) = 3*w + 2. Let i(r) = 6*b(r) - 13*p(r). Determine i(3).
-11
Suppose -5*r - 4 = 3*i + 1, 0 = r - i - 7. Let m(j) = 3*j**2 - 3*j**2 - 2*j**2 + j + 8*j**r. Calculate m(1).
7
Let t(c) = -2*c - 2. Let w = 3 - 1. Let a(o) = 2*o**3 - 2*o**2 - 1. Let l be a(w). Suppose -2*r - 15 = -l*r. Determine t(r).
-8
Let c = -20 + 28. Suppose 2*o + c = o. Let a = o - -7. Let h(s) = 8*s**3 + 2*s**2 + 2*s + 1. Determine h(a).
-7
Let o(x) = 7 + x - 7 - 4 - 4. Determine o(5).
-3
Let p(f) = -5*f - f**2 + 2 + 0*f - 5. Let v(n) = -n**3 + 3*n**2 - n. Let c be v(3). Calculate p(c).
3
Let d(t) = 39*t - 6 - 66*t + 35*t - t**2. Calculate d(5).
9
Let z(s) = 4 + 4*s**2 - s**3 - 2*s**3 + 5*s**3. Suppose -15 = -3*t - 0, t - 14 = 3*d. Determine z(d).
-14
Let l(f) be the first derivative of f**4/4 - f**3 - 3*f**2/2 - 9. Determine l(4).
4
Let c(t) = 7*t - 4 - t**2 - 4 + 8. Let u(z) = z**2 - 6*z. Let g(k) = 6*c(k) + 7*u(k). What is g(1)?
1
Suppose -5*s + 3*z - 6 = 0, 3*s - 7*s - 15 = z. Let a(t) = -3*t - 4. Let g be a(s). Suppose 8 = -g*n + n. Let v(f) = 2*f**3 + 3*f**2. Calculate v(n).
-4
Let p(r) = -6*r - 3*r - r. Let c be (3*6/(-27))/((-4)/(-6)). What is p(c)?
10
Let f(j) = 7*j**2 + 2*j + 1. Suppose -5*q = 4*v - 6, q - 1 - 5 = 4*v. Calculate f(v).
6
Let o(v) be the second derivative of -v**3 - 2*v**2 - 11*v + 0 + 1/12*v**4. Give o(6).
-4
Let l be (2/(-4))/((-1)/6). Suppose 2*p - l = -1. Let x(h) = -p + 0 + h + 4. Determine x(3).
6
Let d(z) = 26*z**2 - 57*z**2 + z + 29*z**2 - 1. What is d(1)?
-2
Let b(q) = -13*q**3 + 2*q**2 + 5*q - 1. Let t(y) = 13*y**3 - 2*y**2 - 6*y + 1. Let f(l) = 6*b(l) + 5*t(l). Let z(j) = 5*j - 19. Let g be z(4). Give f(g).
-12
Let m(l) = -l - 1. Let w(t) = -9. Let d(g) = -2*m(g) - w(g). Let q be (-22)/(-33) + (-78)/9. What is d(q)?
-5
Suppose -g - 3*z - 31 = 4*g, -5*g - 19 = -3*z. Let m(v) = -v**3 - 6*v**2 - 5*v + 1. What is m(g)?
1
Let p(z) = -z**2 - 2*z. Let x(m) = -2*m**3 - m**2 + 6*m - 5. Let y be x(1). What is p(y)?
0
Let n(z) = -5*z. Let k = 7 + 10. Let f = k - 11. Let w be (-8)/f - 1/(-3). Determine n(w).
5
Let d(c) = c**3 - 11*c**2 + 1. Let s be d(11). Let k be 2/(-4)*-4 - s. Let l(h) = h**2 - 1. What is l(k)?
0
Suppose 3 = -2*w - 1, 5*w = 2*z - 42. Let i(j) = -2 + 3*j - 26*j**2 + z*j**2 + 8*j**2. Calculate i(2).
-4
Let j(p) be the second derivative of 0 + 2*p - 2*p**2 + 1/12*p**4 + 2/3*p**3. Calculate j(-5).
1
Let o(x) = x**3 - 3*x**2 - 4*x - 1. Let s = -5 - -7. Let c = s + -1. Suppose -7 = -2*a + c. Give o(a).
-1
Let l(x) = -6*x**3 - 2*x**2 - 3*x - 5. Let t(z) = 3*z**3 + z**2 + z + 2. Let p(d) = 4*l(d) + 9*t(d). Determine p(-2).
-16
Let u(h) = -2*h**2 - 7*h + 4. Let g be u(-4). Let m(p) = p**3 + 3. Determine m(g).
3
Let w = 5 + -3. Let q(c) = c**2 - 2. Let k be q(w). Let m(f) = 3*f - 5*f + 2 + f**2 + f**2. Give m(k).
6
Let i(a) = 8*a. Let w(b) = 9*b. Let x be -5 + (2 - 1/1). Let y(m) = x*w(m) + 5*i(m). Suppose -29*u + 25*u + 4 = 0. Calculate y(u).
4
Let v(d) = d + 34. Let o be v(0). Suppose -2*k + 1 = -k + p, 4*k = 2*p + o. Let u(z) = z**2 - 8*z + 5. Determine u(k).
-7
Let f = -1 - -7. Let a = 5 + 5. Let r = a - f. Let u(j) = j**3 - 5*j**2 + 5*j - 3. Calculate u(r).
1
Let a(o) = -3*o + 0*o**3 + 3*o**2 + 1 - 2*o**3 + 3*o**3. Determine a(-4).
-3
Let b be 42/(-11) - (-18)/(-99). Let p(s) = -2*s - 6. Determine p(b).
2
Suppose 3*r - 7 = -5*y, 0 = 3*r + 2*y - 4*y + 7. Let v(h) = -10*h**2 - 2*h - 1. Calculate v(r).
-9
Suppose 3*k = -3*l, -3*l + 6 = 2*k - k. Let g(m) = -2*m**2 + 1 - 7*m**2 + 4*m + 3*m**2 - l*m. What is g(-1)?
-6
Let v(c) be the second derivative of c**6/120 + c**3/6 - c. Let l(z) be the second derivative of v(z). Let r be (9/(-6) + 1)*2. Give l(r).
3
Let o(t) = t**3 - t**2 + 2*t - 1. Let h = 7 + -4. Suppose 2*v + 1 - h = 0. What is o(v)?
1
Let k be (-1 - 7)/(1 + 0). Let d(v) = v**2 + 8*v - 1. Let f be d(k). Let t(b) = -7*b**3 - 1. Calculate t(f).
6
Let q(c) = 5 + 7*c**2 + 1 - 2 - 2*c - 3. Calculate q(1).
6
Let f(j) = -j - 2. Let u(m) = -2 + 0 - 3*m + 1. Let p be u(1). Determine f(p).
2
Let i(t) = t - 1. Let v be i(3). Let q(g) = 0*g + 1 + 2*g - 3*g + v. Give q(3).
0
Let q(t) = -t**3 + 0*t - 5 - 4*t**2 + 3*t**3 - t - 3*t**3. Determine q(-4).
-1
Let s(u) = -u**2 - 9*u - 9. Let q be s(-8). Let x(o) = -o**2 + o. Let i(r) = 4*r**2 + 5*r + 6. Let m(a) = q*i(a) - 3*x(a). Give m(-4).
10
Let y(w) = -3*w - 1. Let f be y(-1). Let r be 1 + f/(-4)*-4. Suppose 3*s + r*c - 6 = 0, 2*s + 3*c - 22 = 7*c. Let o(j) = j - 1. Calculate o(s).
4
Let z(s) = -3*s. Let p(k) = -1. Let f(g) = -2*p(g) - z(g). Let b be 0/1*(-3)/(-3). Let q = -2 + b. Calculate f(q).
-4
Suppose 5*i + 12 = 32. Suppose 0*d - 12 = -i*d. Let z(o) = o**2 - 3*o - 1. Let g be z(d). Let b(h) = -2*h**3 + h**2 + h. What is b(g)?
2
Let p be (18/15)/(6/(-15) - 0). Let c(s) = s**3 + 2*s**2 - s + 1. Determine c(p).
-5
Let k(d) = 2*d + 4*d**2 - 8*d**2 + 5*d**2 - 1 - 2*d**2. What is k(3)?
-4
Let r(v) = v - 1. Let q be r(4). Let l(s) = s - 4. Determine l(q).
-1
Let r = -6 - -8. Let j(l) = -5 + 3*l**r + 3*l + l + l**2 - l**3 + 2*l. Let y(w) = w**3 - 8*w**2 + w - 3. Let g be y(8). Determine j(g).
0
Suppose 2*y - 4*y = 0. Let s = 0 - y. Suppose 2*p = -s*p + 8. Let h(n) = -n**2 + 5*n + 1. Calculate h(p).
5
Let j be (0 - -1)*(3 + -5). Let v(o) = -o**3 - 4*o**2 - 2*o + 2. Calculate v(j).
-2
Let m(j) = -j - 2. Let b be m(4). Suppose -5*q = 4*h - 28, 5*q - 6*q = -4. Let g(w) = -w**3 + 0*w + 9 + 12*w - 4*w - 5*w**h. What is g(b)?
-3
Let s(c) = -c**2 - 5*c + 6. Let q be 28/8 + (-1)/2. Suppose 0 = q*h - 5*h - 10. What is s(h)?
6
Let u(b) = b - 2. Let y = 16 + -11. Suppose -48 = y*g + d, -8 - 22 = 4*g - 2*d. Let a be (-3)/g + (-10)/(-6). Determine u(a).
0
Let g(d) = -3*d. Let r(z) = -z. Let v(t) = 4*g(t) - 14*r(t). Suppose 6 = -5*x - 14, -4 = -2*a + 2*x. Determine v(a).
-4
Let 